{"id":128,"date":"2012-09-22T20:22:42","date_gmt":"2012-09-22T18:22:42","guid":{"rendered":"http:\/\/www.buergerliste-mortantsch.org\/?page_id=128"},"modified":"2020-02-09T20:33:08","modified_gmt":"2020-02-09T18:33:08","slug":"impressum","status":"publish","type":"page","link":"https:\/\/www.buergerliste-mortantsch.org\/?page_id=128","title":{"rendered":"Impressum"},"content":{"rendered":"<p><strong>B\u00fcrgerliste Mortantsch<\/strong><\/p>\n<p>Peter Krones<br \/>\nG\u00f6ttelsberg 135<br \/>\n8160 Mortantsch<br \/>\npeter.krones(at)a1.net<\/p>\n<p>Robert Pretterhofer<br \/>\nG\u00f6ttelsberg 249<br \/>\n8160 Mortantsch<br \/>\nrobert.pretterhofer(at)a1.net<\/p>\n","protected":false},"excerpt":{"rendered":"<p>B\u00fcrgerliste Mortantsch Peter Krones G\u00f6ttelsberg 135 8160 Mortantsch peter.krones(at)a1.net Robert Pretterhofer G\u00f6ttelsberg 249 8160 Mortantsch robert.pretterhofer(at)a1.net<\/p>\n","protected":false},"author":1,"featured_media":0,"parent":0,"menu_order":0,"comment_status":"closed","ping_status":"closed","template":"","meta":{"footnotes":""},"class_list":["post-128","page","type-page","status-publish","hentry"],"_links":{"self":[{"href":"https:\/\/www.buergerliste-mortantsch.org\/index.php?rest_route=\/wp\/v2\/pages\/128","targetHints":{"allow":["GET"]}}],"collection":[{"href":"https:\/\/www.buergerliste-mortantsch.org\/index.php?rest_route=\/wp\/v2\/pages"}],"about":[{"href":"https:\/\/www.buergerliste-mortantsch.org\/index.php?rest_route=\/wp\/v2\/types\/page"}],"author":[{"embeddable":true,"href":"https:\/\/www.buergerliste-mortantsch.org\/index.php?rest_route=\/wp\/v2\/users\/1"}],"replies":[{"embeddable":true,"href":"https:\/\/www.buergerliste-mortantsch.org\/index.php?rest_route=%2Fwp%2Fv2%2Fcomments&post=128"}],"version-history":[{"count":5,"href":"https:\/\/www.buergerliste-mortantsch.org\/index.php?rest_route=\/wp\/v2\/pages\/128\/revisions"}],"predecessor-version":[{"id":808,"href":"https:\/\/www.buergerliste-mortantsch.org\/index.php?rest_route=\/wp\/v2\/pages\/128\/revisions\/808"}],"wp:attachment":[{"href":"https:\/\/www.buergerliste-mortantsch.org\/index.php?rest_route=%2Fwp%2Fv2%2Fmedia&parent=128"}],"curies":[{"name":"wp","href":"https:\/\/api.w.org\/{rel}","templated":true}]}}